 -37. Let r = u + 131. What is the units digit of r?
9
Let x = -36703 + 56528. What is the tens digit of x?
2
Let i(z) = z**3 - 32*z**2 - 126*z - 115. What is the thousands digit of i(38)?
3
Let v = 853 - 387. Let r = 380 + -89. Suppose 3*j - 2*b = -4*b + r, -v = -5*j + 3*b. What is the tens digit of j?
9
Let v = -36699 + 53221. What is the ten thousands digit of v?
1
Let o = 91273 - 12802. What is the units digit of o?
1
Let y = 23052 + -10679. What is the units digit of y?
3
Suppose 0 = 4*s + 16, -4*t - 2*s + 39060 = -58108. What is the hundreds digit of t?
2
Let l(j) = 2885*j**2 + 364*j - 5. What is the ten thousands digit of l(2)?
1
Let o be (-2710)/(-12) - 32/(-192). Suppose -279 - 106 = 5*n - 5*v, o = -3*n + 4*v. Let i = n - -189. What is the hundreds digit of i?
1
Let t(i) = i**2 + 8*i + 5. Let n be t(-7). Let b be ((-6)/(-7))/(n/(-112)). Let g = b - 35. What is the tens digit of g?
1
Suppose -2*i + 3*s + 149289 = 0, 77*i + 373163 = 82*i + s. What is the tens digit of i?
3
Suppose 219*t - 257*t + 2982202 = 0. What is the ten thousands digit of t?
7
Let c(x) = 24*x**3 - 9*x**2 - 2*x - 5. Let l be c(3). What is the hundreds digit of l + (-7 + -3)/2?
5
Suppose -3*s - l = -0*l + 216, -4*s - 299 = 5*l. Let m(q) = 230*q - 864. Let y be m(3). Let t = s - y. What is the units digit of t?
3
Let m = 42 - 28. Let d(t) = t**3 - 14*t**2 + 20. Let o be d(m). Suppose i - o = 141. What is the hundreds digit of i?
1
Suppose -g + 9*g = 208. Suppose -6276 = -g*s + 16318. What is the tens digit of s?
6
Suppose -2*v + i - 68 + 13 = 0, 3*v + 88 = -4*i. Let d = 74 + v. Suppose -x + 2*z + d = x, 97 = 5*x + 4*z. What is the units digit of x?
1
Suppose -29*y + 813024 + 188346 = 0. What is the thousands digit of y?
4
Let y(o) = 309*o**3 - 4*o**2 + 3*o + 10. Let s be y(2). Let t = s - 1373. What is the hundreds digit of t?
0
Let r(i) = -15*i**3 - i**2 + 7*i + 1. Let q be r(-2). Suppose 0 = -2*n + 6*n - 120. Let f = q + n. What is the units digit of f?
3
Suppose 104*x - 108*x + 1188 = 0. Let v = x + -210. What is the tens digit of v?
8
Suppose -8*g = -18*g. Suppose 5*b - m - 31 = g, -b = -0*b - 3*m - 9. What is the units digit of (b/5)/(15/400)?
2
Let q(u) = 648*u + 974. What is the units digit of q(9)?
6
What is the units digit of (-5)/(-2) - (15 + 512135/(-26))?
5
What is the thousands digit of -18 + 60/(-12) + 42495?
2
Let a = -41756 + 81860. What is the tens digit of a?
0
Suppose 8*k - 2*k - 30 = 0. What is the units digit of k/(-30)*86*-6?
6
Let m be (-44)/(-8) + (-5)/10. Let w(c) = -c**3 + 6*c**2 - 5*c. Let y be w(m). Suppose 3*v - 6*v + 3*r + 78 = y, v - 2*r = 30. What is the units digit of v?
2
Let x = 42525 - 17634. What is the units digit of x?
1
Let m be 1/1 - (-2 + 0/3). Suppose k + d = 1309, 2*d + 1415 = -m*k + 5338. What is the hundreds digit of k?
3
What is the thousands digit of -3 + (-30777)/(-7) + 15/((-210)/(-4))?
4
Suppose -4*r + 702 = -138. Suppose 5*z + 225 = -50. What is the units digit of (-634)/(-22) - (-4 - r/z)?
9
Let g be (336/(-9))/((-42)/3906). Suppose -5*z - q + 5802 = -2*q, -3*z - 4*q = -g. What is the units digit of z?
0
Let w be -1*2/(-2)*0/5. Let z(l) = -12*l + 193. What is the hundreds digit of z(w)?
1
Let z(m) = 2717*m**2 - 93*m + 180. What is the hundreds digit of z(2)?
8
Let d(b) = 2*b**3 + 12*b**2 - 19*b - 117. Let u be d(-7). Let v(w) = -21*w - 6. Let y be v(6). Let x = u - y. What is the units digit of x?
0
Suppose -5*p = -4*y + 8032 - 32563, -p = -3*y - 4915. What is the hundreds digit of p?
9
Let w = -2660 + 9344. What is the hundreds digit of w?
6
Let t = -3966 - 2826. What is the hundreds digit of t/(-42) - (-14)/49?
1
Let o(f) = f**3 + 20*f**2 + 3*f + 8. Let b be o(-18). Let n = 801 + b. What is the units digit of n?
3
Suppose -4*v - 5 = 2*r - 23, -4*v + r = -9. Suppose -2*w + 546 = 4*g, -v*w = -4*g + 9*g - 823. What is the tens digit of w?
8
Let x(p) = 2*p**3 - 87*p**2 + 26*p + 411. What is the ten thousands digit of x(46)?
1
Suppose 142429 + 484111 = 20*j. What is the tens digit of j?
2
Let t(s) = -s - 7*s**2 - 1 + 11*s + s**3 - 9*s. Let c(o) = o**2 - 7*o - 1. Let x be c(8). What is the units digit of t(x)?
6
Suppose 12 = 4*k, 6*j - j - 293542 = -4*k. What is the hundreds digit of j?
7
Let p(s) be the first derivative of -s**2/2 + 22*s - 1. Suppose -4*o + 5*k = 85, 2*k = -3*o + k - 78. What is the tens digit of p(o)?
4
What is the thousands digit of 1*(-4)/(-24) - 316786/(-12)?
6
Suppose -2*g + 16 = 4*y, -3*g + 7 = 3*y - 2. Let c be 4 + (-30)/(-5)*g. What is the tens digit of (-5 - 2)*c - -2?
5
Suppose x - 2 - 20 = 4*p, -3*p = -5*x + 161. Suppose -4*y = -x - 106. What is the tens digit of y?
3
Suppose -5*r + 4*w + 89235 = 0, 0 = 38*r - 41*r - w + 53541. What is the thousands digit of r?
7
Suppose -205*t = -3*c - 201*t + 22676, -5*c - 2*t + 37776 = 0. What is the tens digit of c?
5
Let u(m) = -m**2 + 8*m - 5. Let v be -2 + (1 - -2) + 6. Let n be u(v). Suppose -q + 5*x + 219 = n*q, 4*q - 292 = -x. What is the units digit of q?
3
What is the hundreds digit of (1 - 43486/8)*(4 - -200)/(-17)?
2
What is the units digit of ((-153)/15 - -11) + (-25716)/(-5)?
4
Suppose -5*h - 2*q = -22054, 14485 = 5*h - 4*q - 7587. What is the tens digit of h?
1
Let c = 31 - 117. Let x = 284 - c. What is the hundreds digit of x?
3
What is the thousands digit of 4659801/1917 - ((-14)/(-18) + -1) - 4?
2
What is the tens digit of ((-2290)/(-30))/(((-1)/2)/(387/(-6)))?
4
Let v be 1 - (-1 + (-8)/(-6))*3. Suppose v = 13*q - 12*q - 236. What is the units digit of q?
6
Suppose -18 = 5*m + 4*j - 60, -5*m - 2*j = -36. Let g(r) = r**2 + 14*r - 2. What is the hundreds digit of g(m)?
1
Suppose h - 52041 = -20*h + 2*h. What is the tens digit of h?
3
What is the thousands digit of ((-9)/(-459)*-17)/((-1)/(103*183))?
6
Let m = 2512 - 2210. What is the units digit of m?
2
Let y(m) = -228*m + 3285. What is the units digit of y(-66)?
3
Let p = 211 + -54. Suppose a - 389 - p = 0. What is the tens digit of a?
4
Suppose 3*p = -14*p. Suppose -3*i - 6 + 21 = p, -i = -2*v + 387. What is the hundreds digit of v?
1
Suppose 0 = g - 4 + 12. Let y be 11*(-1 - (g - -4)). Let q = y - -17. What is the tens digit of q?
5
What is the hundreds digit of ((-1127133)/(-12))/21 + (-3)/(-12)?
4
Let x(y) = -57 + y**2 - 68 + 123 + 9*y. What is the hundreds digit of x(18)?
4
Suppose -p + 8863 = 195. What is the units digit of p?
8
Let c be 2 + 9/(18/(-8)). Let m(k) = k**3 - k**2 + 3*k + 1. Let l(g) = -3*g**3 + 2*g**2 - 9*g - 2. Let i(w) = 3*l(w) + 8*m(w). What is the units digit of i(c)?
8
Let q(u) = -2*u + 32. Let j be q(13). Suppose 1 = -o + j, -3*l = -3*o. Suppose c = -l*d + 156, -2*d - 485 = -0*c - 3*c. What is the tens digit of c?
6
Let k(r) be the third derivative of -r**6/120 - r**5/20 - 3*r**4/8 + 2*r**3/3 - 2*r**2 - 133*r. What is the units digit of k(-4)?
6
Let p(j) = j**3 - 13*j**2 - 60*j + 87. What is the units digit of p(23)?
7
Let p = -1 - 35. Let t be 40/(-180) - 650/(-9). Let z = t - p. What is the tens digit of z?
0
Let d(p) = -4*p - 17. Let q(i) = 50*i + 220. Let w(l) = 40*d(l) + 3*q(l). What is the tens digit of w(-6)?
4
Let x(c) = -8*c**3 - 64*c**2 - 35*c - 1. What is the tens digit of x(-14)?
9
Suppose -12*u + 106131 = -13197 - 19308. What is the tens digit of u?
5
Suppose t + 0*t - 3 = 0, -7 = r - 4*t. Suppose 5*s + 0*s = -r. Let a(y) = -106*y**3 - 2*y**2 - 2*y - 1. What is the hundreds digit of a(s)?
1
Let c be (40 - -4)/(10/(-6) + 2). Suppose 0 = 4*a - 3*s - 7661, -4*a + c*s + 7667 = 127*s. What is the hundreds digit of a?
9
Suppose 3*q + 138 - 990 = 0. What is the hundreds digit of q?
2
Suppose 0 = 131*a - 145*a + 966. Suppose 4*n + 4222 = 5*m, n - 3365 = 65*m - a*m. What is the hundreds digit of m?
8
Let u be (-4)/(-6)*6/4*-16. Let y be (u/10)/((-22)/55). Suppose w - y*q - 107 = -0*w, -4*w + 3*q + 428 = 0. What is the tens digit of w?
0
Let q = 58 - 50. Suppose 0 = 4*n - q - 4. Suppose -n*k = 2*w - 2*k - 32, 0 = w + k - 14. What is the tens digit of w?
1
Let o(t) = -3*t**2 + 8*t + 3. Let v be 8/(48/14) - 2/(-3). Let p be o(v). Suppose 4*f - 2*l - 270 = p, -2*f + 2*l + 340 = 3*f. What is the tens digit of f?
7
Let v = 275 - -8. What is the tens digit of -6 + (1 - -1) + v?
7
Let j = 6335 + -3132. What is the tens digit of j?
0
Suppose 4*p = j + 171, -3*p + 